ase 16
-76b269
Convert -90214d (base 14) to base 15.
-65ad7e
What is a3249 (base 12) in base 14?
57825
Convert 34440311 (base 5) to base 12.
130644
Convert -5dd26 (base 16) to base 7.
-3160251
What is 11000012211 (base 3) in base 13?
29ba5
Convert -164142 (base 7) to base 11.
-225a5
Convert -3600561 (base 8) to base 2.
-11110000000101110001
What is 534324 (base 10) in base 14?
dca20
Convert 110111011001011010111 (base 2) to base 16.
1bb2d7
Convert 2022110110012 (base 3) to base 9.
2273405
-30233122210 (base 4) to base 6
-155330404
-122255 (base 14) to base 5
-124324421
What is -2101133231 (base 4) in base 14?
-11727b
2402341 (base 8) to base 9
1210625
-1353023 (base 7) to base 14
-4a013
What is -d6cd7 (base 15) in base 11?
-425943
What is -b23346 (base 12) in base 16?
-2a7c26
What is -992a8 (base 16) in base 13?
-18c731
-61d6 (base 15) to base 2
-101000011000100
Convert 1750271 (base 10) to base 12.
704a7b
4e4299 (base 15) to base 8
16260330
What is -101111101110111110000110 (base 2) in base 16?
-beef86
What is 100441 (base 12) in base 8?
747161
-21bc777 (base 14) to base 3
-1010012121210001
Convert 221313231202 (base 4) to base 10.
10976098
What is 2000211011 (base 3) in base 13?
15262
-24435421 (base 6) to base 15
-106dba
1a2a3 (base 13) to base 6
1032042
Convert 542513 (base 10) to base 8.
2043461
What is -75684 (base 11) in base 4?
-122312020
What is 845181 (base 10) in base 11?
527aa7
1222201022 (base 3) to base 4
21203312
What is 42396 (base 11) in base 7?
344603
Convert -110011111011110 (base 2) to base 15.
-7d2a
What is -3128018 (base 10) in base 15?
-41bc48
What is -20121131 (base 6) in base 4?
-2023102033
Convert ac1e6 (base 16) to base 6.
23035514
What is 12550333 (base 6) in base 14?
ac85b
Convert 4cbe13 (base 16) to base 14.
94cc27
What is -2452031 (base 8) in base 2?
-10100101010000011001
What is -1110112212010 (base 3) in base 4?
-2332003203
Convert -561a6 (base 11) to base 7.
-456254
What is 2234123 (base 6) in base 4?
123300003
Convert 5776521 (base 9) to base 3.
12212120120201
Convert -1220022021 (base 3) to base 6.
-445054
What is -120331101131 (base 4) in base 5?
-3133324204
-33a067 (base 14) to base 3
-10022020010100
Convert 10302223121 (base 4) to base 6.
42531305
Convert -673656 (base 9) to base 3.
-202110201220
What is 132060514 (base 7) in base 9?
16862681
Convert 67451 (base 8) to base 11.
1a420
Convert 5131756 (base 9) to base 3.
12011001211220
What is -48a696 (base 13) in base 8?
-6500077
1345551 (base 6) to base 16
12aab
Convert -315d3 (base 16) to base 12.
-99017
Convert 111110111101010111 (base 2) to base 13.
904bb
Convert b3a6b (base 13) to base 5.
40310131
What is -128017 (base 12) in base 15?
-601b7
Convert -2010110102022 (base 3) to base 11.
-7027a8
Convert 368674 (base 10) to base 12.
15942a
10031441 (base 7) to base 8
3127522
40140334 (base 5) to base 9
534456
10320031324 (base 5) to base 15
e929c9
What is -e9699 (base 15) in base 12?
-2b8723
-49e4e (base 16) to base 2
-1001001111001001110
2664287 (base 9) to base 4
11210113303
Convert 36783 (base 12) to base 7.
424551
Convert -3858651 (base 9) to base 6.
-113045244
What is 74040 (base 13) in base 7?
1526436
Convert 545204 (base 8) to base 7.
1361166
What is 1321033102 (base 4) in base 9?
836171
What is -1124227 (base 11) in base 15?
-28ce5e
Convert -13342330 (base 6) to base 4.
-1231213032
What is -253c5 (base 13) in base 11?
-47743
Convert 42699 (base 15) to base 6.
4303400
Convert -14376245 (base 8) to base 3.
-20011102202011
What is 101210112 (base 7) in base 10?
5918523
Convert -547300 (base 8) to base 9.
-310354
-317024 (base 8) to base 2
-11001111000010100
Convert 64264 (base 9) to base 2.
1010011000000110
Convert -11840510 (base 9) to base 6.
-324334100
What is -5400553 (base 8) in base 3?
-2201021021011
111010000100111101 (base 2) to base 12
b57b9
What is -1201211202102 (base 3) in base 2?
-11100001000110010111
What is -221202112102 (base 3) in base 5?
-112211134
What is 14433055 (base 7) in base 6?
45204531
120312210002 (base 4) to base 5
3131434241
What is -1210001001022 (base 3) in base 5?
-220224143
253060 (base 10) to base 8
756204
What is -1222002121102 (base 3) in base 15?
-1599d5
4231371 (base 9) to base 15
2eaec1
Convert 178850 (base 9) to base 3.
12122221200
Convert a4137 (base 16) to base 12.
284b07
Convert -73271 (base 10) to base 14.
-1c9b9
Convert -21112001011 (base 4) to base 7.
-26551222
30000034 (base 7) to base 4
21123023332
201112102202121 (base 3) to base 7
154145545
500042 (base 11) to base 2
11000100100110110101
400240220 (base 5) to base 4
11333213232
Convert -311310303310 (base 4) to base 13.
-2c004a0
18727b (base 14) to base 5
210133421
What is -20201201210100 (base 3) in base 8?
-15512332
What is -11e721e (base 15) in base 11?
-72aa096
What is -213247 (base 13) in base 2?
-10111101111110010111
What is -1111101011101100010100 (base 2) in base 5?
-2023023444
Convert 281521 (base 9) to base 13.
60229
What is 213201321 (base 4) in base 14?
43013
What is 10051241 (base 6) in base 2?
1000110000000001001
Convert -1829c1 (base 15) to base 7.
-12654535
-90de4 (base 16) to base 15
-bac3a
Convert 1252532 (base 6) to base 13.
25724
What is 848840 (base 10) in base 3?
1121010101112
Convert -16250010 (base 8) to base 14.
-6dab68
Convert -80958 (base 10) to base 8.
-236076
What is 41b41 (base 12) in base 2?
10101000100100001
What is -104310334 (base 6) in base 8?
-7155262
Convert -1042322143 (base 5) to base 2.
-1000110011011011010110
Convert 1539633 (base 10) to base 15.
2062c3
Convert 10214032 (base 5) to base 3.
11100022022
Convert 566103 (base 7) to base 11.
69600
-12013003020 (base 4) to base 11
-9a4454
What is -11161a0 (base 12) in base 5?
-1314004214
2112142 (base 11) to base 14
6cc3d9
-d9b9 (base 15) to base 16
-b3fa
5708b (base 14) to base 12
a2417
What is 156101 (base 8) in base 9?
85310
What is -143136013 (base 7) in base 11?
-53669a9
-1110311110 (base 4) to base 6
-11240404
1043540 (base 6) to base 2
1100110111010100
132331 (base 9) to base 13
2a814
-5095043 (base 10) to base 5
-2301020133
Convert 19702 (base 12) to base 15.
b0b8
313310030 (base 4) to base 5
24303440
Convert -30341 (base 8) to base 9.
-18143
What is 121101111020211 (base 3) in base 6?
510401551
Convert -1132002244 (base 6) to base 8.
-60323024
4c508 (base 13) to base 7
1126265
Convert -76b85 (base 12) to base 3.
-21222122102
Convert 110010010111110110110 (base 2) to base 6.
55213422
What is -100111001101010110 (base 2) in base 12?
-78b32
What is 316b718 (base 12) in base 14?
1355c56
Convert 2ff59 (base 16) to base 12.
95821
-1020212122 (base 3) to base 8
-60167
-34340033 (base 5) to base 15
-61748
1224313 (base 6) to base 14
19d89
What is 35451124 (base 7) in base 2?
1011111110001111010101
What is 9a610 (base 11) in base 4?
203212120
What is -81908 (base 12) in base 11?
-105a04
Convert -1100011111100001010 (base 2) to base 12.
-178a8a
What is 418640 (base 11) in base 16?
a3a37
b31434 (base 14) to base 4
113001113012
1239a (base 15) to base 14
172cb
What is -64267 (base 8) in base 6?
-324035
What is -454655 (base 8) in base 4?
-211212231
Convert -2d689 (base 15) to base 9.
-243083
Convert 5313331 (base 6) to base 2.
111111001001110111
What is 30032010113 (base 4) in base 5?
1310001401
Convert 112200200100201 (base 3) to base 12.
2746524
Convert -2089918 (base 10) to base 7.
-23523025
-273370 (base 9) to base 14
-44982
2a8d1 (base 14) to base 9
171383
Convert -2566468 (base 10) to base 13.
-6bb228
What is -184bf2 (base 16) in base 15?
-216bdb
What is -598821 (base 10) in base 14?
-11832d
Convert 4332022 (base 5) to base 16.
1211c
Convert 23213323333 (base 4) to base 9.
5653831
What is -6464124 (base 7) in base 3?
-1111002021000
What is 2156340 (base 7) in base 2?
1000001000001100111
What is -7c495 (base 15) in base 9?
-663075
Convert -100103140 (base 5) to base 6.
-12240510
What is -3333142 (base 8) in base 12?
-374082
-3821287 (base 10) to base 2
-1110100100111011100111
What is -37a70 (base 12) in base 3?
-10212000110
What is 2630611 (base 11) in base 7?
53465141
What is -4720838 (base 9) in base 16?
-26f450
What is 72958 (base 11) in base 6?
2140045
What is -1203a34 (base 11) in base 14?
-3c8c99
What is -e2e936 (base 16) in base 6?
-1250422250
Convert -2